s the ten thousands digit of 6300117?
0
What is the thousands digit of 43837072?
7
What is the ten millions digit of 671214927?
7
What is the hundreds digit of 468841185?
1
What is the hundreds digit of 149526440?
4
What is the hundred thousands digit of 415072214?
0
What is the ten millions digit of 291679242?
9
What is the thousands digit of 153687043?
7
What is the ten millions digit of 118975952?
1
What is the thousands digit of 179612999?
2
What is the millions digit of 10590809?
0
What is the thousands digit of 32446589?
6
What is the units digit of 4182101?
1
What is the hundreds digit of 28171432?
4
What is the hundred thousands digit of 50950329?
9
What is the hundred millions digit of 228478415?
2
What is the units digit of 383920581?
1
What is the hundred thousands digit of 40440513?
4
What is the hundred thousands digit of 124824179?
8
What is the billions digit of 2923807574?
2
What is the millions digit of 94557367?
4
What is the hundreds digit of 244758829?
8
What is the units digit of 67737811?
1
What is the thousands digit of 2549563049?
3
What is the billions digit of 1742497052?
1
What is the thousands digit of 388010662?
0
What is the hundreds digit of 88519481?
4
What is the thousands digit of 52552822?
2
What is the hundred millions digit of 102625171?
1
What is the units digit of 26420264?
4
What is the ten millions digit of 42453222?
4
What is the hundreds digit of 32187658?
6
What is the thousands digit of 1924126?
4
What is the hundred thousands digit of 6980963?
9
What is the hundred thousands digit of 42495267?
4
What is the millions digit of 376697884?
6
What is the hundred millions digit of 750102541?
7
What is the units digit of 593980615?
5
What is the hundreds digit of 41574274?
2
What is the thousands digit of 1068314485?
4
What is the hundred thousands digit of 2539802184?
8
What is the tens digit of 42729198?
9
What is the hundreds digit of 239020884?
8
What is the thousands digit of 75176703?
6
What is the billions digit of 4619937855?
4
What is the hundred thousands digit of 12034400?
0
What is the ten millions digit of 151576984?
5
What is the hundred thousands digit of 8285581388?
5
What is the thousands digit of 253351245?
1
What is the ten millions digit of 119666140?
1
What is the thousands digit of 8436297?
6
What is the ten thousands digit of 56752935?
5
What is the hundreds digit of 967659907?
9
What is the ten thousands digit of 296187401?
8
What is the units digit of 42147094?
4
What is the thousands digit of 18510160?
0
What is the units digit of 1133770048?
8
What is the hundreds digit of 6332342387?
3
What is the hundred millions digit of 907287341?
9
What is the ten thousands digit of 66909542?
0
What is the ten millions digit of 331306693?
3
What is the millions digit of 3044174111?
4
What is the units digit of 348476702?
2
What is the millions digit of 85324724?
5
What is the thousands digit of 181900999?
0
What is the hundred millions digit of 625429377?
6
What is the ten millions digit of 457069471?
5
What is the tens digit of 318007043?
4
What is the hundreds digit of 41937815?
8
What is the tens digit of 462192792?
9
What is the ten thousands digit of 176552969?
5
What is the tens digit of 1532635866?
6
What is the hundred thousands digit of 7768399103?
3
What is the ten thousands digit of 451698311?
9
What is the thousands digit of 167053837?
3
What is the millions digit of 27999870?
7
What is the hundreds digit of 113725267?
2
What is the thousands digit of 786273635?
3
What is the billions digit of 6070747475?
6
What is the units digit of 6369286?
6
What is the ten millions digit of 27799222?
2
What is the thousands digit of 348072418?
2
What is the hundreds digit of 2960314532?
5
What is the units digit of 8774509090?
0
What is the ten millions digit of 187870702?
8
What is the units digit of 2829861170?
0
What is the tens digit of 1908377760?
6
What is the tens digit of 46896093?
9
What is the ten millions digit of 74188330?
7
What is the millions digit of 190631603?
0
What is the units digit of 4322506434?
4
What is the ten thousands digit of 47113162?
1
What is the millions digit of 384665794?
4
What is the tens digit of 448753419?
1
What is the hundreds digit of 518143593?
5
What is the millions digit of 51044643?
1
What is the tens digit of 549681583?
8
What is the millions digit of 40148772?
0
What is the tens digit of 567480920?
2
What is the thousands digit of 239717220?
7
What is the ten thousands digit of 76594707?
9
What is the thousands digit of 224955795?
5
What is the hundreds digit of 9907538?
5
What is the hundred millions digit of 5744154338?
7
What is the ten millions digit of 162095392?
6
What is the hundreds digit of 9208353?
3
What is the thousands digit of 44635618?
5
What is the millions digit of 46931267?
6
What is the ten thousands digit of 468641477?
4
What is the ten millions digit of 392730088?
9
What is the hundred thousands digit of 189367078?
3
What is the hundred millions digit of 2308415419?
3
What is the hundred thousands digit of 3882399516?
3
What is the hundred millions digit of 678004924?
6
What is the hundred thousands digit of 180837595?
8
What is the thousands digit of 579520152?
0
What is the hundreds digit of 40360442?
4
What is the millions digit of 1561344153?
1
What is the units digit of 216568524?
4
What is the hundred millions digit of 5407495497?
4
What is the units digit of 112057058?
8
What is the units digit of 1368336890?
0
What is the hundreds digit of 69775839?
8
What is the millions digit of 33625462?
3
What is the ten millions digit of 986503347?
8
What is the hundred thousands digit of 53226673?
2
What is the tens digit of 28003869?
6
What is the hundreds digit of 1141195?
1
What is the hundred thousands digit of 200994045?
9
What is the tens digit of 12637077?
7
What is the hundreds digit of 93363141?
1
What is the thousands digit of 31599602?
9
What is the hundred thousands digit of 3101609059?
6
What is the millions digit of 398957745?
8
What is the millions digit of 3137190693?
7
What is the ten millions digit of 618961749?
1
What is the billions digit of 2616872566?
2
What is the ten thousands digit of 311080042?
8
What is the hundred thousands digit of 1194380473?
3
What is the tens digit of 83000439?
3
What is the units digit of 380723662?
2
What is the tens digit of 22675315?
1
What is the ten thousands digit of 246767534?
6
What is the ten thousands digit of 147215117?
1
What is the millions digit of 163893581?
3
What is the millions digit of 137791883?
7
What is the hundreds digit of 562283825?
8
What is the thousands digit of 597406091?
6
What is the hundred millions digit of 155503216?
1
What is the hundred thousands digit of 8436022929?
0
What is the hundreds digit of 46005024?
0
What is the hundred thousands digit of 3173179400?
1
What is the ten millions digit of 300040050?
0
What is the hundred thousands digit of 57252521?
2
What is the ten thousands digit of 68445187?
4
What is the units digit of 3435487596?
6
What is the millions digit of 37192310?
7
What is the hundred millions digit of 7642458420?
6
What is the ten thousands digit of 20804777?
0
What is the units digit of 2720324270?
0
What is the thousands digit of 2051733771?
3
What is the ten thousands digit of 1020661731?
6
What is the thousands digit of 98020866?
0
What is the units digit of 665028167?
7
What is the ten millions digit of 15948016?
1
What is the ten millions digit of 2437437397?
3
What is the units digit of 7741385?
5
What is the ten millions digit of 431866516?
3
What is the tens digit of 375008935?
3
What is the tens digit of 47756300?
0
What is the ten thousands digit of 47149526?
4
What is the billions digit of 3767324908?
3
What is the hundred thousands digit of 2103193756?
1
What is the thousands digit of 592555355?
5
What is the tens digit of 47010445?
4
What is the hundreds digit of 22622599?
5
What is the ten millions digit of 252702491?
5
What is the hundred millions digit of 677092052?
6
What is the billions digit of 7525130182?
7
What is the hundred thousands digit of 22989372?
9
What is the ten thousands digit of 115508456?
0
What is the millions digit of 2785791385?
5
What is the ten millions digit of 230030273?
3
Wh